{"version":"1.0","provider_name":"Csivitel\u0151","provider_url":"https:\/\/csivitelo.cafeblog.hu","author_name":"Cs. K. Matyi","author_url":"https:\/\/csivitelo.cafeblog.hu\/author\/matyiko\/","title":"Mad\u00e1rhat\u00e1roz\u00f3: a cs\u00edz","html":"<h1>10. A CS\u00cdZ<\/h1>\r\n<p><img class=\"alignnone  wp-image-1941\" src=\"https:\/\/csivitelo.cafeblog.hu\/files\/2019\/03\/DSC04398.jpg\" alt=\"\" width=\"561\" height=\"421\" \/><\/p>\r\n<p>&nbsp;<\/p>\r\n<h2>Latin neve:<\/h2>\r\n<p><em>carduelis spinus<\/em><\/p>\r\n<p>&nbsp;<\/p>\r\n<h2>\u00c9l\u0151helye:<\/h2>\r\n<p>K\u00fcl\u00f6nb\u00f6z\u0151 erd\u0151k, de t\u00e9li vend\u00e9gk\u00e9nt az etet\u0151k\u00f6n is megjelenik. F\u0151leg febru\u00e1rt\u00f3l sz\u00e1m\u00edthatunk erre az apr\u00f3cska pintyf\u00e9l\u00e9re.<\/p>\r\n<p>&nbsp;<\/p>\r\n<h2>T\u00e1pl\u00e1l\u00e9ka:<\/h2>\r\n<p>Ahogy az \u00f6sszes hazai pintyf\u00e9le, a cs\u00edz is \u00edzeltl\u00e1b\u00faakkal t\u00e1pl\u00e1lja fi\u00f3k\u00e1it. A k\u00f6lt\u00e9si id\u0151szakban a feln\u0151tt egyedek is rovarev\u0151k, egyszer\u0171en az\u00e9rt, mert ilyenkor m\u00e9g nem \u00e9rnek be a magvak t\u00fal nagy sz\u00e1mban (Ez\u00e9rt is fontos, hogy\u00a0<span style=\"color: #ff0000\">NY\u00c1RON NE ETESS\u00dcK A MADARAKAT<span style=\"color: #333333\">, mert ezzel felbor\u00edtan\u00e1nk az egyens\u00falyt \u00e9s elesn\u00e9nk a fi\u00f3k\u00e1ikat k\u00e1rtev\u0151kkel is t\u00e1pl\u00e1l\u00f3 tollas \u00e1llatok ny\u00fajtotta biol\u00f3giai v\u00e9dekez\u00e9st\u0151l!). Egy\u00e9bk\u00e9nt a cs\u00edz \u00e1ltal\u00e1nosan magev\u0151, kedveli az \u00e9ger \u00e9s a ny\u00edr magjait, de az etet\u0151helyen a napraforg\u00f3t is sz\u00edvesen fogadja.<\/span><\/span><\/p>\r\n<p>&nbsp;<\/p>\r\n<h2>F\u00e9szkel\u00e9se:<\/h2>\r\n<p>A f\u00e9szket a toj\u00f3 sz\u00edvesen \u00e9p\u00edti lucfeny\u0151re, de mindenk\u00e9ppen egy magas feny\u0151re. Legt\u00f6bbsz\u00f6r 4-5 vagy 2-6 toj\u00e1st rak, melyekb\u0151l 11- 12 nap m\u00falva b\u00fajnak ki a f\u00e9szeklak\u00f3 fi\u00f3k\u00e1k. \u0150k hamarosan, 12-14 nap m\u00falva ki is rep\u00fclnek, ha minden kedvez\u0151 (id\u0151j\u00e1r\u00e1s, sz\u00fcl\u0151k eg\u00e9szs\u00e9gi \u00e1llapota, stb.), h\u00e1la a mad\u00e1rp\u00e1r gondos etet\u00e9s\u00e9nek. A cs\u00edz \u00e9vente 2- szer k\u00f6lt.<\/p>\r\n<p>&nbsp;<\/p>\r\n<h2>Meghat\u00e1roz\u00e1sa:<\/h2>\r\n<p>Apr\u00f3 pintyf\u00e9le, m\u00e9rete ak\u00e1r egy k\u00e9k cineg\u00e9\u00e9. A h\u00edm fekete sapk\u00e1t visel, ezenk\u00edv\u00fcl sokkal t\u00f6bb tollazat\u00e1ban a s\u00e1rga \u00e9s z\u00f6ld sz\u00edn. A toj\u00f3 sz\u00fcrk\u00e9sz\u00f6ld \"ruh\u00e1t hord\", ak\u00e1r a fiatalok. Az etet\u0151n szinte mindig csapatban jelenik meg, a kicsiny madarak cs\u00f6r\u00f6mp\u00f6l\u00e9sszer\u0171 csacsog\u00e1sa bet\u00f6ltheti az eg\u00e9sz k\u00f6rny\u00e9ket.\u00a0<\/p>\r\n<p>&nbsp;<\/p>\r\n<h2>Gal\u00e9ria:<\/h2>\r\n<h3>k\u00e9pek:<\/h3>\r\n<p>[gallery size=\"full\" columns=\"1\" ids=\"1942,1943,1944,1945,1946,1947,1948,1949,1950,1951,1952,1954,1955\"]<\/p>","type":"rich","thumbnail_url":"https:\/\/csivitelo.cafeblog.hu\/files\/2019\/03\/DSC05054-150x150.jpg","thumbnail_width":150,"thumbnail_height":150}

Csivitelő

Madárhatározó: a csíz

<h1>10. A CSÍZ</h1>
<p><img class="alignnone  wp-image-1941" src="https://csivitelo.cafeblog.hu/files/2019/03/DSC04398.jpg" alt="" width="561" height="421" /></p>
<p>&nbsp;</p>
<h2>Latin neve:</h2>
<p><em>carduelis spinus</em></p>
<p>&nbsp;</p>
<h2>Élőhelye:</h2>
<p>Különböző erdők, de téli vendégként az etetőkön is megjelenik. Főleg februártól számíthatunk erre az aprócska pintyfélére.</p>
<p>&nbsp;</p>
<h2>Tápláléka:</h2>
<p>Ahogy az összes hazai pintyféle, a csíz is ízeltlábúakkal táplálja fiókáit. A költési időszakban a felnőtt egyedek is rovarevők, egyszerűen azért, mert ilyenkor még nem érnek be a magvak túl nagy számban (Ezért is fontos, hogy <span style="color: #ff0000">NYÁRON NE ETESSÜK A MADARAKAT<span style="color: #333333">, mert ezzel felborítanánk az egyensúlyt és elesnénk a fiókáikat kártevőkkel is tápláló tollas állatok nyújtotta biológiai védekezéstől!). Egyébként a csíz általánosan magevő, kedveli az éger és a nyír magjait, de az etetőhelyen a napraforgót is szívesen fogadja.</span></span></p>
<p>&nbsp;</p>
<h2>Fészkelése:</h2>
<p>A fészket a tojó szívesen építi lucfenyőre, de mindenképpen egy magas fenyőre. Legtöbbször 4-5 vagy 2-6 tojást rak, melyekből 11- 12 nap múlva bújnak ki a fészeklakó fiókák. Ők hamarosan, 12-14 nap múlva ki is repülnek, ha minden kedvező (időjárás, szülők egészségi állapota, stb.), hála a madárpár gondos etetésének. A csíz évente 2- szer költ.</p>
<p>&nbsp;</p>
<h2>Meghatározása:</h2>
<p>Apró pintyféle, mérete akár egy kék cinegéé. A hím fekete sapkát visel, ezenkívül sokkal több tollazatában a sárga és zöld szín. A tojó szürkészöld "ruhát hord", akár a fiatalok. Az etetőn szinte mindig csapatban jelenik meg, a kicsiny madarak csörömpölésszerű csacsogása betöltheti az egész környéket. </p>
<p>&nbsp;</p>
<h2>Galéria:</h2>
<h3>képek:</h3>
<p>[gallery size="full" columns="1" ids="1942,1943,1944,1945,1946,1947,1948,1949,1950,1951,1952,1954,1955"]</p>
