{"version":"1.0","provider_name":"Csivitel\u0151","provider_url":"https:\/\/csivitelo.cafeblog.hu","author_name":"Cs. K. Matyi","author_url":"https:\/\/csivitelo.cafeblog.hu\/author\/matyiko\/","title":"A tizennegyedik k\u00e9rd\u00e9s","html":"<h1>V\u00c9GE A SZAVAZ\u00c1SNAK (A MEGFEJT\u00c9ST L\u00c1SD LENT)!\u00a0\ud83d\ude42<\/h1>\r\n<p>T\u00d6BB \u00c9RDEKESS\u00c9G:<\/p>\r\n<p>https:\/\/csivitelo.cafeblog.hu\/2017\/11\/17\/karacsonyi-visszaszamlalas-a-csivitelovel\/<\/p>\r\n<p>&nbsp;<\/p>\r\n<h1>14. mad\u00e1r:<\/h1>\r\n<p>Ez itt milyen mad\u00e1r? (k\u00e9p)<\/p>\r\n<p>H\u00edm vagy toj\u00f3?<\/p>\r\n<p>Mib\u0151l j\u00f6tt\u00e9l r\u00e1?<\/p>\r\n<p>Ez a mad\u00e1r megjelenik a t\u00e9li etet\u0151n?<\/p>\r\n<p>K\u00e9p:<\/p>\r\n<p><img class=\"alignnone  wp-image-405\" src=\"https:\/\/csivitelo.cafeblog.hu\/files\/2017\/11\/15327323_1444775008885820_7586629305019699446_n.jpg\" alt=\"\" width=\"657\" height=\"437\" \/><\/p>\r\n<h1><span style=\"color: #99cc00\">A megfejt\u00e9s: SZ\u00c9NCINEGE H\u00cdM, MERT A HAS\u00c1N LEV\u0150 CS\u00cdK VASTAG, MEGJELENIK AZ ETET\u0150N<\/span><\/h1>\r\n<p>&nbsp;<\/p>\r\n<p>&nbsp;<\/p>\r\n<p>&nbsp;<\/p>\r\n<p>&nbsp;<\/p>","type":"rich","thumbnail_url":"https:\/\/csivitelo.cafeblog.hu\/files\/2017\/11\/15327323_1444775008885820_7586629305019699446_n-150x150.jpg","thumbnail_width":150,"thumbnail_height":150}

Csivitelő

A tizennegyedik kérdés

<h1>VÉGE A SZAVAZÁSNAK (A MEGFEJTÉST LÁSD LENT)! 🙂</h1>
<p>TÖBB ÉRDEKESSÉG:</p>
<p>https://csivitelo.cafeblog.hu/2017/11/17/karacsonyi-visszaszamlalas-a-csivitelovel/</p>
<p>&nbsp;</p>
<h1>14. madár:</h1>
<p>Ez itt milyen madár? (kép)</p>
<p>Hím vagy tojó?</p>
<p>Miből jöttél rá?</p>
<p>Ez a madár megjelenik a téli etetőn?</p>
<p>Kép:</p>
<p><img class="alignnone  wp-image-405" src="https://csivitelo.cafeblog.hu/files/2017/11/15327323_1444775008885820_7586629305019699446_n.jpg" alt="" width="657" height="437" /></p>
<h1><span style="color: #99cc00">A megfejtés: SZÉNCINEGE HÍM, MERT A HASÁN LEVŐ CSÍK VASTAG, MEGJELENIK AZ ETETŐN</span></h1>
<p>&nbsp;</p>
<p>&nbsp;</p>
<p>&nbsp;</p>
<p>&nbsp;</p>
